{"version":"1.0","provider_name":"Havas Prague","provider_url":"https:\/\/havas.cz\/en\/","title":"Dlouhodob\u00e1 l\u00e9\u010dba astmatu jako prevence akutn\u00edch stav\u016f - Havas Prague","type":"rich","width":600,"height":338,"html":"<blockquote class=\"wp-embedded-content\" data-secret=\"bQ3iYudpYI\"><a href=\"https:\/\/havas.cz\/en\/pressroom\/dlouhodoba-lecba-astmatu-jako-prevence-akutnich-stavu\/\">Dlouhodob\u00e1 l\u00e9\u010dba astmatu jako prevence akutn\u00edch stav\u016f<\/a><\/blockquote><iframe sandbox=\"allow-scripts\" security=\"restricted\" src=\"https:\/\/havas.cz\/en\/pressroom\/dlouhodoba-lecba-astmatu-jako-prevence-akutnich-stavu\/embed\/#?secret=bQ3iYudpYI\" width=\"600\" height=\"338\" title=\"&#8220;Dlouhodob\u00e1 l\u00e9\u010dba astmatu jako prevence akutn\u00edch stav\u016f&#8221; &#8212; Havas Prague\" data-secret=\"bQ3iYudpYI\" frameborder=\"0\" marginwidth=\"0\" marginheight=\"0\" scrolling=\"no\" class=\"wp-embedded-content\"><\/iframe><script type=\"text\/javascript\">\n\/* <![CDATA[ *\/\n\/*! This file is auto-generated *\/\n!function(d,l){\"use strict\";l.querySelector&&d.addEventListener&&\"undefined\"!=typeof URL&&(d.wp=d.wp||{},d.wp.receiveEmbedMessage||(d.wp.receiveEmbedMessage=function(e){var t=e.data;if((t||t.secret||t.message||t.value)&&!\/[^a-zA-Z0-9]\/.test(t.secret)){for(var s,r,n,a=l.querySelectorAll('iframe[data-secret=\"'+t.secret+'\"]'),o=l.querySelectorAll('blockquote[data-secret=\"'+t.secret+'\"]'),c=new RegExp(\"^https?:$\",\"i\"),i=0;i<o.length;i++)o[i].style.display=\"none\";for(i=0;i<a.length;i++)s=a[i],e.source===s.contentWindow&&(s.removeAttribute(\"style\"),\"height\"===t.message?(1e3<(r=parseInt(t.value,10))?r=1e3:~~r<200&&(r=200),s.height=r):\"link\"===t.message&&(r=new URL(s.getAttribute(\"src\")),n=new URL(t.value),c.test(n.protocol))&&n.host===r.host&&l.activeElement===s&&(d.top.location.href=t.value))}},d.addEventListener(\"message\",d.wp.receiveEmbedMessage,!1),l.addEventListener(\"DOMContentLoaded\",function(){for(var e,t,s=l.querySelectorAll(\"iframe.wp-embedded-content\"),r=0;r<s.length;r++)(t=(e=s[r]).getAttribute(\"data-secret\"))||(t=Math.random().toString(36).substring(2,12),e.src+=\"#?secret=\"+t,e.setAttribute(\"data-secret\",t)),e.contentWindow.postMessage({message:\"ready\",secret:t},\"*\")},!1)))}(window,document);\n\/\/# sourceURL=https:\/\/havas.cz\/wp-includes\/js\/wp-embed.min.js\n\/* ]]> *\/\n<\/script>\n","thumbnail_url":"https:\/\/havas.cz\/wp-content\/uploads\/2020\/07\/inhalator1200x600-0000-spravne-uziti-inhalatoru-je-pro-lecbu-klicove.jpg","thumbnail_width":1200,"thumbnail_height":600,"description":"Astma je chronick\u00e9 z\u00e1n\u011btliv\u00e9 onemocn\u011bn\u00ed d\u00fdchac\u00edch cest, kter\u00fdm trp\u00ed po cel\u00e9m sv\u011bt\u011b asi 300 milion\u016f lid\u00ed. V \u010cesk\u00e9 republice je diagnostikov\u00e1no 500 tis\u00edc astmatik\u016f, ov\u0161em s t\u00edm, \u017ee dal\u0161\u00edch 250 a\u017e 300 tis\u00edc lid\u00ed trp\u00ed n\u011bjakou formou astmatu, ani\u017e by o sv\u00e9 nemoci v\u011bd\u011bli.1 Astma charakterizuje chronick\u00fd z\u00e1n\u011bt, kter\u00fd je mo\u017en\u00e9 m\u00edt pod kontrolou pouze p\u0159i dlouhodob\u00e9 a pravideln\u00e9 l\u00e9\u010db\u011b. \u0158e\u0161en\u00edm tedy nen\u00ed kr\u00e1tkodob\u00e9 zm\u00edrn\u011bn\u00ed akutn\u00edch projev\u016f pomoc\u00ed \u00falevov\u00fdch l\u00e9k\u016f, jeliko\u017e ty l\u00e9\u010d\u00ed pouze n\u00e1sledek, a ne p\u0159\u00ed\u010dinu, v tomto p\u0159\u00edpad\u011b z\u00e1n\u011bt. \u0158e\u0161en\u00edm a sou\u010dasn\u011b nejlep\u0161\u00ed prevenc\u00ed akutn\u00edch stav\u016f je tedy p\u0159esn\u00e9 a dlouhodob\u00e9 dodr\u017eov\u00e1n\u00ed udr\u017eovac\u00edho l\u00e9\u010debn\u00e9mu re\u017eimu, kter\u00fd l\u00e9ka\u0159 p\u0159edep\u00ed\u0161e pacientovi.2 Jen tak lze u nemocn\u00e9ho zajistit minimum projev\u016f spojen\u00fdch s astmatem a mo\u017enost \u017e\u00edt co nejv\u00edce plnohodnotn\u00fd \u017eivot a svou nemoc t\u00e9m\u011b\u0159 nepoci\u0165ovat."}

Dlouhodobá léčba astmatu jako prevence akutních stavů - Havas Prague

<blockquote class="wp-embedded-content" data-secret="bQ3iYudpYI"><a href="https://havas.cz/en/pressroom/dlouhodoba-lecba-astmatu-jako-prevence-akutnich-stavu/">Dlouhodobá léčba astmatu jako prevence akutních stavů</a></blockquote><iframe sandbox="allow-scripts" security="restricted" src="https://havas.cz/en/pressroom/dlouhodoba-lecba-astmatu-jako-prevence-akutnich-stavu/embed/#?secret=bQ3iYudpYI" width="600" height="338" title="&#8220;Dlouhodobá léčba astmatu jako prevence akutních stavů&#8221; &#8212; Havas Prague" data-secret="bQ3iYudpYI" frameborder="0" marginwidth="0" marginheight="0" scrolling="no" class="wp-embedded-content"></iframe><script type="text/javascript">
/* <![CDATA[ */
/*! This file is auto-generated */
!function(d,l){"use strict";l.querySelector&&d.addEventListener&&"undefined"!=typeof URL&&(d.wp=d.wp||{},d.wp.receiveEmbedMessage||(d.wp.receiveEmbedMessage=function(e){var t=e.data;if((t||t.secret||t.message||t.value)&&!/[^a-zA-Z0-9]/.test(t.secret)){for(var s,r,n,a=l.querySelectorAll('iframe[data-secret="'+t.secret+'"]'),o=l.querySelectorAll('blockquote[data-secret="'+t.secret+'"]'),c=new RegExp("^https?:$","i"),i=0;i<o.length;i++)o[i].style.display="none";for(i=0;i<a.length;i++)s=a[i],e.source===s.contentWindow&&(s.removeAttribute("style"),"height"===t.message?(1e3<(r=parseInt(t.value,10))?r=1e3:~~r<200&&(r=200),s.height=r):"link"===t.message&&(r=new URL(s.getAttribute("src")),n=new URL(t.value),c.test(n.protocol))&&n.host===r.host&&l.activeElement===s&&(d.top.location.href=t.value))}},d.addEventListener("message",d.wp.receiveEmbedMessage,!1),l.addEventListener("DOMContentLoaded",function(){for(var e,t,s=l.querySelectorAll("iframe.wp-embedded-content"),r=0;r<s.length;r++)(t=(e=s[r]).getAttribute("data-secret"))||(t=Math.random().toString(36).substring(2,12),e.src+="#?secret="+t,e.setAttribute("data-secret",t)),e.contentWindow.postMessage({message:"ready",secret:t},"*")},!1)))}(window,document);
//# sourceURL=https://havas.cz/wp-includes/js/wp-embed.min.js
/* ]]> */
</script>

Astma je chronické zánětlivé onemocnění dýchacích cest, kterým trpí po celém světě asi 300 milionů lidí. V České republice je diagnostikováno 500 tisíc astmatiků, ovšem s tím, že dalších 250 až 300 tisíc lidí trpí nějakou formou astmatu, aniž by o své nemoci věděli.1 Astma charakterizuje chronický zánět, který je možné mít pod kontrolou pouze při dlouhodobé a pravidelné léčbě. Řešením tedy není krátkodobé zmírnění akutních projevů pomocí úlevových léků, jelikož ty léčí pouze následek, a ne příčinu, v tomto případě zánět. Řešením a současně nejlepší prevencí akutních stavů je tedy přesné a dlouhodobé dodržování udržovacího léčebnému režimu, který lékař předepíše pacientovi.2 Jen tak lze u nemocného zajistit minimum projevů spojených s astmatem a možnost žít co nejvíce plnohodnotný život a svou nemoc téměř nepociťovat.
