{"version":"1.0","provider_name":"Havas Prague","provider_url":"https:\/\/havas.cz\/en\/","title":"P\u0159\u00edb\u011bh pacientky s migr\u00e9nou - Havas Prague","type":"rich","width":600,"height":338,"html":"<blockquote class=\"wp-embedded-content\" data-secret=\"S04OjLfpH7\"><a href=\"https:\/\/havas.cz\/en\/pressroom\/pribeh-pacientky-s-migrenou\/\">P\u0159\u00edb\u011bh pacientky s migr\u00e9nou<\/a><\/blockquote><iframe sandbox=\"allow-scripts\" security=\"restricted\" src=\"https:\/\/havas.cz\/en\/pressroom\/pribeh-pacientky-s-migrenou\/embed\/#?secret=S04OjLfpH7\" width=\"600\" height=\"338\" title=\"&#8220;P\u0159\u00edb\u011bh pacientky s migr\u00e9nou&#8221; &#8212; Havas Prague\" data-secret=\"S04OjLfpH7\" frameborder=\"0\" marginwidth=\"0\" marginheight=\"0\" scrolling=\"no\" class=\"wp-embedded-content\"><\/iframe><script type=\"text\/javascript\">\n\/* <![CDATA[ *\/\n\/*! This file is auto-generated *\/\n!function(d,l){\"use strict\";l.querySelector&&d.addEventListener&&\"undefined\"!=typeof URL&&(d.wp=d.wp||{},d.wp.receiveEmbedMessage||(d.wp.receiveEmbedMessage=function(e){var t=e.data;if((t||t.secret||t.message||t.value)&&!\/[^a-zA-Z0-9]\/.test(t.secret)){for(var s,r,n,a=l.querySelectorAll('iframe[data-secret=\"'+t.secret+'\"]'),o=l.querySelectorAll('blockquote[data-secret=\"'+t.secret+'\"]'),c=new RegExp(\"^https?:$\",\"i\"),i=0;i<o.length;i++)o[i].style.display=\"none\";for(i=0;i<a.length;i++)s=a[i],e.source===s.contentWindow&&(s.removeAttribute(\"style\"),\"height\"===t.message?(1e3<(r=parseInt(t.value,10))?r=1e3:~~r<200&&(r=200),s.height=r):\"link\"===t.message&&(r=new URL(s.getAttribute(\"src\")),n=new URL(t.value),c.test(n.protocol))&&n.host===r.host&&l.activeElement===s&&(d.top.location.href=t.value))}},d.addEventListener(\"message\",d.wp.receiveEmbedMessage,!1),l.addEventListener(\"DOMContentLoaded\",function(){for(var e,t,s=l.querySelectorAll(\"iframe.wp-embedded-content\"),r=0;r<s.length;r++)(t=(e=s[r]).getAttribute(\"data-secret\"))||(t=Math.random().toString(36).substring(2,12),e.src+=\"#?secret=\"+t,e.setAttribute(\"data-secret\",t)),e.contentWindow.postMessage({message:\"ready\",secret:t},\"*\")},!1)))}(window,document);\n\/\/# sourceURL=https:\/\/havas.cz\/wp-includes\/js\/wp-embed.min.js\n\/* ]]> *\/\n<\/script>\n","thumbnail_url":"https:\/\/havas.cz\/wp-content\/uploads\/2020\/07\/migrena1200x600-0000-migrena-1.jpg","thumbnail_width":1200,"thumbnail_height":600,"description":"Ka\u017ed\u00e9ho z n\u00e1s ob\u010das rozbol\u00ed hlava. Vezmeme si pr\u00e1\u0161ek na bolest a zbytek dne n\u011bjak p\u0159ekon\u00e1me. To ale neplat\u00ed pro lidi trp\u00edc\u00ed migr\u00e9nou, kter\u00fdch je v \u010cesku a\u017e 1 milion.1,2 Pat\u0159\u00ed mezi n\u011b i Jana S., kter\u00e1 je stejn\u011b jako v\u0161ichni ostatn\u00ed migrenici d\u016fkazem toho, \u017ee migr\u00e9nu jen tak nep\u0159ekon\u00e1 ani ten nejsiln\u011bj\u0161\u00ed \u010dlov\u011bk. S migr\u00e9nou se pot\u00fdk\u00e1 ji\u017e od \u00fatl\u00e9ho v\u011bku. Ne\u017e se v\u0161ak dostala k adekv\u00e1tn\u00ed l\u00e9\u010db\u011b pro tohle z\u00e1va\u017en\u00e9, a p\u0159itom \u010dasto podce\u0148ovan\u00e9 onemocn\u011bn\u00ed, musela si proj\u00edt opravdu dlouhou cestu. \u201eMigr\u00e9na mi ovliv\u0148uje \u017eivot ka\u017ed\u00fd den. Z\u00e1chvat u m\u011b trv\u00e1 i 3 dny a nen\u00ed to pouze o bolesti, ale o cel\u00e9 \u0159ad\u011b doprovodn\u00fdch p\u0159\u00edznak\u016f, kter\u00e9 v\u00e1s dostanou na kolena. Kdy\u017e p\u0159ijde, mus\u00edm prakticky v\u0161e pod\u0159\u00eddit migr\u00e9n\u011b. B\u011bhem z\u00e1chvatu nejste schopni d\u011blat \u017e\u00e1dnou fyzickou ani psychickou aktivitu, i kdy\u017e sebev\u00edc chcete. Nepostar\u00e1te se o dom\u00e1cnost, nem\u016f\u017eete pracovat a mnohdy si ani doj\u00edt pro l\u00e9ky. Projevy migr\u00e9ny zkr\u00e1tka jen tak nerozchod\u00edte,\u201c \u0159\u00edk\u00e1 Jana S. z Prahy (33 let)."}

Příběh pacientky s migrénou - Havas Prague

<blockquote class="wp-embedded-content" data-secret="S04OjLfpH7"><a href="https://havas.cz/en/pressroom/pribeh-pacientky-s-migrenou/">Příběh pacientky s migrénou</a></blockquote><iframe sandbox="allow-scripts" security="restricted" src="https://havas.cz/en/pressroom/pribeh-pacientky-s-migrenou/embed/#?secret=S04OjLfpH7" width="600" height="338" title="&#8220;Příběh pacientky s migrénou&#8221; &#8212; Havas Prague" data-secret="S04OjLfpH7" frameborder="0" marginwidth="0" marginheight="0" scrolling="no" class="wp-embedded-content"></iframe><script type="text/javascript">
/* <![CDATA[ */
/*! This file is auto-generated */
!function(d,l){"use strict";l.querySelector&&d.addEventListener&&"undefined"!=typeof URL&&(d.wp=d.wp||{},d.wp.receiveEmbedMessage||(d.wp.receiveEmbedMessage=function(e){var t=e.data;if((t||t.secret||t.message||t.value)&&!/[^a-zA-Z0-9]/.test(t.secret)){for(var s,r,n,a=l.querySelectorAll('iframe[data-secret="'+t.secret+'"]'),o=l.querySelectorAll('blockquote[data-secret="'+t.secret+'"]'),c=new RegExp("^https?:$","i"),i=0;i<o.length;i++)o[i].style.display="none";for(i=0;i<a.length;i++)s=a[i],e.source===s.contentWindow&&(s.removeAttribute("style"),"height"===t.message?(1e3<(r=parseInt(t.value,10))?r=1e3:~~r<200&&(r=200),s.height=r):"link"===t.message&&(r=new URL(s.getAttribute("src")),n=new URL(t.value),c.test(n.protocol))&&n.host===r.host&&l.activeElement===s&&(d.top.location.href=t.value))}},d.addEventListener("message",d.wp.receiveEmbedMessage,!1),l.addEventListener("DOMContentLoaded",function(){for(var e,t,s=l.querySelectorAll("iframe.wp-embedded-content"),r=0;r<s.length;r++)(t=(e=s[r]).getAttribute("data-secret"))||(t=Math.random().toString(36).substring(2,12),e.src+="#?secret="+t,e.setAttribute("data-secret",t)),e.contentWindow.postMessage({message:"ready",secret:t},"*")},!1)))}(window,document);
//# sourceURL=https://havas.cz/wp-includes/js/wp-embed.min.js
/* ]]> */
</script>

Každého z nás občas rozbolí hlava. Vezmeme si prášek na bolest a zbytek dne nějak překonáme. To ale neplatí pro lidi trpící migrénou, kterých je v Česku až 1 milion.1,2 Patří mezi ně i Jana S., která je stejně jako všichni ostatní migrenici důkazem toho, že migrénu jen tak nepřekoná ani ten nejsilnější člověk. S migrénou se potýká již od útlého věku. Než se však dostala k adekvátní léčbě pro tohle závažné, a přitom často podceňované onemocnění, musela si projít opravdu dlouhou cestu. „Migréna mi ovlivňuje život každý den. Záchvat u mě trvá i 3 dny a není to pouze o bolesti, ale o celé řadě doprovodných příznaků, které vás dostanou na kolena. Když přijde, musím prakticky vše podřídit migréně. Během záchvatu nejste schopni dělat žádnou fyzickou ani psychickou aktivitu, i když sebevíc chcete. Nepostaráte se o domácnost, nemůžete pracovat a mnohdy si ani dojít pro léky. Projevy migrény zkrátka jen tak nerozchodíte,“ říká Jana S. z Prahy (33 let).
